4, what is -1da37 - -18?
-1da1d
In base 7, what is -3044306463 - 1?
-3044306464
In base 4, what is -13 - 201303233212?
-201303233231
In base 13, what is -b4c27c - -bb?
-b4c191
In base 12, what is -11a - -312322?
312204
In base 7, what is -5125261 - -160?
-5125101
In base 12, what is -1 + 1002b89?
1002b88
In base 7, what is -6342 - 12452?
-22124
In base 8, what is -1754240531 + 0?
-1754240531
In base 11, what is -703141 - 1?
-703142
In base 16, what is 2b + 26866?
26891
In base 8, what is 1011 + 116530?
117541
In base 4, what is -203300 + -11332?
-221232
In base 8, what is -154317667 + 2?
-154317665
In base 2, what is -11100 - 1100111001001010010000?
-1100111001001010101100
In base 5, what is -31 - -230400012?
230344431
In base 12, what is 2ab - aa624?
-aa335
In base 7, what is -11 + -335462?
-335503
In base 3, what is 2001200 + -10121121000?
-10112112100
In base 5, what is 131342230 + 124?
131342404
In base 14, what is -4 + -35a6aac?
-35a6ab2
In base 11, what is -6a8 - 873?
-1470
In base 4, what is -32232023003 + 1310?
-32232021033
In base 15, what is 7a711 + -4d4?
7a22c
In base 7, what is 5532356 - 54?
5532302
In base 9, what is 12383 - -34548?
47042
In base 9, what is 7231 + 1042?
8273
In base 14, what is 5d80 + 26?
5da6
In base 2, what is 101110001001010 - -11001100011?
110001010101101
In base 2, what is -1001111 - 1010000001110001?
-1010000011000000
In base 3, what is 110002220 - -2222?
110012212
In base 12, what is 1559a + 2b21?
184bb
In base 4, what is 0 - -3101120112?
3101120112
In base 2, what is 11110 - 100111000011011010111?
-100111000011010111001
In base 13, what is 509 - -2194?
26a0
In base 9, what is 8281 - 4281?
4000
In base 11, what is 2056 + -108768?
-106712
In base 13, what is -31 + 111477?
111446
In base 10, what is 457566 + 1757?
459323
In base 5, what is 143444100 - -2343?
144001443
In base 5, what is -3 + -34443323?
-34443331
In base 12, what is -1 + -1052024b?
-10520250
In base 13, what is 1000770 - 4?
1000769
In base 12, what is -14ab38 + 14?
-14ab24
In base 2, what is -10 - 101011000011010110101100?
-101011000011010110101110
In base 7, what is -41 + 4115020?
4114646
In base 15, what is 1232d568 - -2?
1232d56a
In base 4, what is -1022320100031 - 113?
-1022320100210
In base 16, what is -3a + 4034bf?
403485
In base 15, what is 4273a79 + 5?
4273a7e
In base 9, what is -36100636 - 23?
-36100660
In base 3, what is -12120221 - -10021120112?
10001222121
In base 6, what is -3513355 - -14?
-3513341
In base 5, what is -112412312 + -312?
-112413124
In base 15, what is 1 + 3e4738b?
3e4738c
In base 7, what is -342100 - 2412?
-344512
In base 7, what is -5 - 3523161?
-3523166
In base 12, what is -5 + -2460140?
-2460145
In base 12, what is 5 - -574a3bb?
574a404
In base 16, what is -3 + -539085d?
-5390860
In base 9, what is -17 - 1841186?
-1841214
In base 8, what is 26 - -1131461?
1131507
In base 8, what is -3 - 6337316?
-6337321
In base 6, what is -131 - 24231433?
-24232004
In base 9, what is 5134 + -5848?
-714
In base 7, what is -1434161 + -1235?
-1435426
In base 10, what is 3680 - -2501?
6181
In base 10, what is 1422417 + 1?
1422418
In base 16, what is 33e33 + 9d9?
3480c
In base 8, what is 36 - 20104212?
-20104154
In base 12, what is 7511321 + 0?
7511321
In base 14, what is -2 - 2381223?
-2381225
In base 5, what is -10 - 3013334002?
-3013334012
In base 3, what is 112 - -2220202221210?
2220202222022
In base 11, what is 5345524 + 0?
5345524
In base 16, what is -14 + 5b3ad?
5b399
In base 5, what is 1110033320223 + 4?
1110033320232
In base 12, what is 2 + 4b52902?
4b52904
In base 12, what is 39b0 + 11a3?
4b93
In base 13, what is 23 - -1a5442?
1a5465
In base 16, what is 5328b + -15?
53276
In base 8, what is -237 + -1321307?
-1321546
In base 12, what is -2b + -67567a?
-6756a9
In base 5, what is 4412032 + -13010?
4344022
In base 13, what is -1 - b955593?
-b955594
In base 3, what is 112111102111222 + 2120?
112111102121112
In base 10, what is 18312136 - 3?
18312133
In base 8, what is -2621 - -21373?
16552
In base 15, what is -1968e - 5?
-19694
In base 4, what is 2 - 1301123131032?
-1301123131030
In base 3, what is -102121002 + 1021112020?
211221011
In base 4, what is -103012033 - 310210?
-103322303
In base 9, what is -2 - -62580066?
62580064
In base 2, what is -11010110 - -100000100000010101000?
100000011111111010010
In base 7, what is 114345 + -602?
113443
In base 15, what is 7d8 - -910?
11e8
In base 10, what is -422 - 79163?
-79585
In base 7, what is 143124634 - -4?
143124641
In base 16, what is 2db + -1e57?
-1b7c
In base 13, what is -11 + -11524c0?
-1152501
In base 7, what is 1656062 - -420?
1656512
In base 3, what is 122211122021 - 201?
122211121120
In base 9, what is 2332 - 25420?
-23077
In base 6, what is -30543 - -1151?
-25352
In base 2, what is 1 - 101110101100010010110001?
-101110101100010010110000
In base 10, what is -6872 + 971?
-5901
In base 2, what is -10010011101000110 + -100000100010?
-10010111101101000
In base 15, what is -544 + 72?
-4c2
In base 3, what is 1011200122001111 + -2?
1011200122001102
In base 7, what is 12 - 11301236?
-11301224
In base 11, what is 37671 - -148?
37809
In base 15, what is 11c + 4bb2?
4cce
In base 6, what is 3 - 10330100?
-10330053
In base 7, what is 62645566 + 23?
62645622
In base 10, what is 739812 - -32?
739844
In base 2, what is -11110 - -111111100000001101010100?
111111100000001100110110
In base 7, what is 5001443266 + -4?
5001443262
In base 9, what is 16173 + 35756?
53040
In base 6, what is 302 - -11040205?
11040511
In base 3, what is 120220020220111 + 12?
120220020220200
In base 3, what is -1200202022211010 - 0?
-1200202022211010
In base 5, what is 203214024 + -103?
203213421
In base 13, what is -31 - 15835?
-15866
In base 3, what is 1001111221112020212 + 0?
1001111221112020212
In base 12, what is -840552 + 78?
-840496
In base 13, what is -9950 - -835?
-9118
In base 12, what is a8928 - 1a?
a890a
In base 10, what is 11659014 - -134?
11659148
In base 4, what is -1131022 + 23323?
-1101033
In base 9, what is -3358 + 153265?
148806
In base 4, what is 10330312 - -1120003?
12110321
In base 12, what is 2 + 1b50872a?
1b508730
In base 11, what is 1733a67 - 693?
1733384
In base 10, what is -92040887 - -1?
-92040886
In base 6, what is 35514 + 104314?
144232
In base 15, what is -2 + -11791a1?
-11791a3
In base 13, what is -370c8 - 108?
-37203
In base 5, what is 4 - 4413232103?
-4413232044
In base 2, what is 10000101111110110110011001000 + 0?
10000101111110110110011001000
In base 2, what is -110100 - -101110000000010010000110?
101110000000010001010010
In base 6, what is -424312 + 40043?
-344225
In base 7, what is 411 + -2344140?
-2343426
In base 13, what is 758b89 - -6?
758b92
In base 2, what is 100 + -1000011101101110111111?
-1000011101101110111011
In base 6, what is 1010513 + 55?
1011012
In base 15, what is -7adb - -102?
-79d9
In base 6, what is 10022323 - -21?
10022344
In base 16, what is 352aa + 74?
3531e
In base 16, what is 1 + 2a1320b?
2a1320c
In base 3, what is -12 - 121212212220010?
-121212212220022
In base 6, what is -1315104 - 244?
-1315352
In base 5, what is 22112222 + 10?
22112232
In base 16, what is 5 - -1d6fef?
1d6ff4
In base 16, what is -11dc4c + d5?
-11db77
In base 14, what is -339d5b - -167?
-339bd4
In base 7, what is -51426452504 + 0?
-51426452504
In base 7, what is -144256005 + -14?
-144256022
In base 5, what is 304242212 - -130?
304242342
In base 13, what is -a028a6 + -a?
-a028b3
In base 16, what is 2bbfa95 - 4?
2bbfa91
In base 14, what is -3 + d72d2a?
d72d27
In base 11, what is -1a661 - 8074?
-27725
In base 4, what is 311023322103 + 3?
311023322112
In base 11, what is -80 - -8931?
8861
In base 4, what is 313121323 + 1021311?
320203300
In base 11, what is 766 - -18359?
19014
In base 4, what is 1011110 + -113101?
232003
In base 5, what is -33342034021 - 2?
-33342034023
In base 11, what is -349244 - -24?
-349220
In base 9, what is 470 - 13711?
-13231
In base 6, what is 4220112 + -2?
4220110
In base 3, what is 20000 - 210000012121?
-202222222121
In base 8, what is 465476 - 0?
465476
In base 8, what is 15 + 1574237?
1574254
In base 8, what is 212076 - -134?
212232
In base 9, what is -161 + -672432?
-672603
In base 10, what is 23964 + 301?
24265
In base 14, what is 3b7 + b77?
1150
In base 15,